(146/365). Determine r(q).
55
Suppose 10*a = 66 - 16. Suppose 4*q - 2 = -3*j + 6*j, 2*q = a*j - 20. Let u(g) = -g**2 + 4*g - 1. Give u(j).
-13
Suppose -20*v = -0 - 40. Let w(d) = 2*d**2 + d - 1. What is w(v)?
9
Let n(z) = -6*z + 28. Let l be n(5). Let d(h) = 5*h - 2. Calculate d(l).
-12
Let q be 12/(-15)*(-35)/14. Suppose q*u = 3*c + 23, -2*u = 2*u - 4. Let f(k) = -k**3 - 7*k**2 + k + 2. Determine f(c).
-5
Let v(d) = -10*d + 31. Let y(i) = -102*i + 315. Let f(g) = -21*v(g) + 2*y(g). Determine f(4).
3
Suppose 0 = a - 9 + 20. Let t(x) = x**2 + 11*x - 4. What is t(a)?
-4
Let r(t) = t**2 - 2*t + 7. Let l be r(5). Let u = -18 + l. Let p(h) = 6*h + h + 3*h - u*h. What is p(-1)?
-6
Let g(m) = -18*m**3 - 2*m**2 + 1. Let x(v) = -v**3 + 3*v**2 - 7. Let d be x(-3). Suppose -43 = 4*l - d. Calculate g(l).
-19
Let y(d) = d**3 + 8*d**2 - 2*d - 12. Let h = 101 + -99. Let w be 5/(5/(-4)) - h*2. Calculate y(w).
4
Let b(c) = 2*c - 10. Let h = 82 + -52. Let w(s) = -19*s. Let j be w(-2). Let f = j - h. Determine b(f).
6
Let z(v) = 0*v**2 + 66 + 5*v - 40 + v**2 - 36. Calculate z(-5).
-10
Let p(n) = n**3 + 3*n**2 - 6*n - 6. Let s be p(-4). Let r be 2/(-4) - (-5)/s. Let j(h) = -2*h**3 - h**2 + 5*h**3 - 1 - r*h**3 + 2*h + 5*h**3. Give j(1).
6
Let s(l) = l**2 - 4. Let r be 36/(-63) - (-87)/(-7). Let z(o) be the first derivative of -o**3/3 - 6*o**2 + 16*o - 1. Let h be z(r). Calculate s(h).
5
Let k(s) be the third derivative of -s**5/60 + 7*s**4/24 - 5*s**3/6 - 263*s**2. Let p(j) = -j**2 + 4*j. Let b be p(2). Calculate k(b).
7
Let r be (-6 + 7)*(-3 - -10) + -8. Let g(h) = -h + 6. Calculate g(r).
7
Let v be -14 + 25 - (7 - 1). Let k(w) be the third derivative of 1/24*w**4 + 0*w - 1/15*w**5 + 0 - v*w**2 - 1/6*w**3. Calculate k(1).
-4
Let u(a) = -a + 2. Let n(r) = 0 - 3*r + 2*r + 9. Let d be n(5). Suppose 11 = d*x - 1. What is u(x)?
-1
Let i(b) = -3*b - 20. Let o be i(-11). Let v(n) = -3*n - n**3 - 9*n - 3 - 12 + o*n - n**2. Determine v(0).
-15
Let m(r) be the second derivative of -r**5/20 - r**4/4 + 7*r**3/6 + 13*r**2/2 - 13*r. What is m(-4)?
1
Let n(w) be the second derivative of w**5/20 - 2*w**4/3 + 3*w**3/2 - 5*w**2 + 7*w. Let f = 75 - 68. Determine n(f).
4
Let m(z) = -z**2 - z + 1. Let k = 78 + -78. What is m(k)?
1
Let k(z) = -z - 10. Let t(a) be the third derivative of -a**4/8 + a**3/2 + 5*a**2. Let d be t(2). Let w = d + -3. Give k(w).
-4
Let b(x) = -5*x**3 + 2. Suppose -n = 2*n - 5*g - 4, 2*n + 5*g + 14 = 0. What is b(n)?
42
Let z(i) = -i**2 - 5*i - 3. Suppose 2*r + j = 2*j - 11, 2*r - 3*j + 21 = 0. Calculate z(r).
3
Let m(d) = -d**2 + 13*d - 22. Let j(v) = v**2 + 21*v + 115. Let u be j(-13). Determine m(u).
0
Let f(s) be the third derivative of -2/3*s**3 - 1/8*s**4 + 0*s + 0 + 45*s**2. What is f(-2)?
2
Let d(x) = -5*x**3 - x - 2. Let z(r) = r**2 + 21*r + 37. Let h be z(-19). Give d(h).
4
Suppose -81*b - 2*b = 58*b + 705. Let w(k) = 3*k**2 - 9*k - 6. Let m(j) = -8*j**2 + 26*j + 18. Let p(n) = 4*m(n) + 11*w(n). What is p(b)?
6
Let k = -12 + 16. Let a(g) = 41*g**2 - 40*g**2 + 3 + 2 - 7*g + 1. Give a(k).
-6
Let i(p) = -3*p + 16. Let h(j) = -7*j + 34. Let g(s) = 4*h(s) - 9*i(s). What is g(-12)?
4
Let a(w) be the second derivative of 7*w**3/6 + 7*w**2/2 + 87*w. Calculate a(-6).
-35
Let w be (-10020)/(-90) + (0 - (-2)/3). Let a = w + -110. Let p(b) = -2*b**2 - 2. What is p(a)?
-10
Let w(b) = 5*b - 3*b + 13 - 23. Let z be w(4). Let c(o) = -2*o**2 + 2*o - 1. Give c(z).
-13
Let l(k) = 4*k - 7. Let c be l(5). Let x be (1 - 1 - -1)*(-9 - -14). Let o(z) = 2 - 9*z + c*z - x*z. Give o(0).
2
Suppose -24*k + 70 = -19*k. Let i(s) = -3*s - 1 - 13*s**2 + 8*s + k*s**2. What is i(-6)?
5
Let u(a) = 8 - 8 - a - a**2 + a**3 + 1. Let o be u(2). Suppose -2*s - 17 = 3*r, -5*r + o*s - 5*s - 23 = 0. Let w(n) = -n + 2. What is w(r)?
5
Let a = -21 + 43. Let k be 7/2 + (-11)/a. Let o(j) = -2*j**3 + 4*j**2 + 1. Determine o(k).
-17
Let z(v) be the first derivative of v**5/20 + v**4/2 - 7*v**3/6 + 7*v**2/2 - 3*v - 15. Let f(u) be the first derivative of z(u). What is f(-7)?
7
Let j(y) = -y**3 + 6*y**2 - 7*y + 3. Suppose 3*z + 8 = -4*v, -v + 11 = 47*z - 43*z. Determine j(z).
7
Suppose h = 2*h - 12. Suppose -h*w = 77 - 17. Let n(f) = -f**3 - 6*f**2 - 6*f - 2. Determine n(w).
3
Let u be (5/(-2) + 3)*4. Let h(r) = 3 + 216*r - 214*r + r**2 + 0*r**u. Determine h(-2).
3
Let t be (-4)/(0 + (-6)/3). Let o(v) = v**2 + 2*v - 3. What is o(t)?
5
Let i(r) = -5*r**3 + 4*r - 5. Let v(t) = 2*t**3 + 137 - t**3 - t**2 - 137 - t. Let w(l) = i(l) + 4*v(l). Calculate w(-4).
-5
Let m(v) = 3*v**2 - 4*v - 18. Let q(x) = -x**2 + 2*x + 8. Let l(r) = -2*m(r) - 5*q(r). Give l(-4).
-12
Let k(r) = -r**2 - 6 + 2*r**2 + 3 + 5*r. Suppose 5*s + 3*t + 34 = t, 3*s + 27 = t. Let p be (-2)/1 + s/4. Determine k(p).
-7
Suppose -37 - 65 = -34*i. Let m(g) be the first derivative of g**3/3 - 3*g**2/2 + g - 1. What is m(i)?
1
Let r(l) = -l**3 + 2*l**2 + 3*l + 9. Let s be r(-4). Let o = -101 + s. Let m(h) = -h**3 - 7*h**2 + 8*h + 6. Determine m(o).
6
Let a(c) = -c**3 - 12*c**2 - 16*c - 19. Let k be a(-11). Let s = 32 - k. Let t(j) = -j**2 - 2*j - 1. Give t(s).
-9
Suppose -4*b + 3*b = 4. Let q(i) be the second derivative of i**3/2 + 5*i**2/2 - 30*i. Determine q(b).
-7
Let m be 1 - (2/6 - 12/9). Let s(x) = x**2 - x - 2. Determine s(m).
0
Let z(y) be the first derivative of -3*y**3 - y**2/2 - y + 1. Let a be 20/12*75/(-125). Calculate z(a).
-9
Let r(h) = -5*h**2 + 3*h**2 + 2*h + 6*h**2 - 8 + 7. Let n be ((147/14)/7)/((-6)/(-4)). Give r(n).
5
Suppose 76*d = 74*d - 12. Let g(p) = 5*p + 5 - p + 1. Calculate g(d).
-18
Let q(z) = -z**2 - 5*z - 10. Let f be 2/(-7) - 156/42. Let u be q(f). Let s be (-10)/u - 4/6. Let t(r) = 8*r - 1. Determine t(s).
7
Suppose 0 = 4*h + 2 - 42. Let x(s) = 2 + 7*s**2 + h - s + s**3 - 17. Determine x(-7).
2
Suppose -45*z - 174 = -16*z. Let p(u) = u**2 + 10*u + 19. What is p(z)?
-5
Suppose 0 = -11*s + 31 - 42. Suppose 3*t = -1 - 11, -3*t - 10 = m. Let b(d) = 3 - 2 - m - 7*d. What is b(s)?
6
Let l(a) = 32*a. Let s = -48 - -12. Let d(v) = 2*v. Let c(n) = s*d(n) + 2*l(n). What is c(1)?
-8
Let f(l) = 2*l + 4. Let a(j) = 15*j + 20. Let u(k) = -a(k) + 3*f(k). Determine u(-7).
55
Let j(g) = 338 - 332 + 26*g**2 - 28*g**2. What is j(5)?
-44
Let s(p) = 4*p + 7. Let o = 36 + -41. Let d(k) = -3*k - 6. Let i(u) = o*d(u) - 4*s(u). Calculate i(-5).
7
Let q(b) be the first derivative of -b**3/3 + 7*b**2/2 - 5*b - 41. Suppose 0*c + 3 = 3*c. Let m = 6 - c. Give q(m).
5
Let i(c) = -c**3 - 3*c**2 + 5*c + 5. Suppose 203 - 26 = -59*j. What is i(j)?
-10
Let q(h) = -5*h**3 - 3*h - 2. Let k(r) = 23*r - 116. Let g be k(5). Determine q(g).
6
Let d be -3 + 9 - (2 + 1). Let x(w) = 2 + 9*w - 4*w - d*w + w**3 + 0*w - 4*w**2. What is x(3)?
-1
Let y(b) = b**2 + 8*b - 18. Let h be y(-10). Let r(s) = s**3 - 2*s**2 - s - 2. Give r(h).
-4
Suppose 0 = -f + 6*f - 10, 5*i + 4*f = -12. Let z be (5/((-20)/8) - i) + 1. Let y(l) = l**2 - 3*l - 3. Calculate y(z).
-3
Let g(m) = m**3 - 10*m**2 - 5. Let b be g(10). Let s = b - -10. Let x(f) = -3*f + 1. What is x(s)?
-14
Let h(f) = 3*f**3 + 4*f**2 + 3*f - 5. Let t(x) = -5*x**3 - 6*x**2 - 5*x + 9. Let g(y) = -7*h(y) - 4*t(y). Determine g(-4).
3
Let s(n) be the third derivative of n**4/6 + 17*n**3/6 + 8*n**2 - 5. Determine s(-7).
-11
Let k(q) be the second derivative of -q**8/6720 - q**7/2520 - q**6/720 - q**5/60 - 17*q**4/12 + 10*q. Let d(u) be the third derivative of k(u). What is d(0)?
-2
Suppose -9*w = 2*w - 33. Let j(t) = -3*t**2 + 3*t + 7. Let n(p) = -4*p**2 + 3*p + 7. Let g(h) = w*j(h) - 2*n(h). What is g(6)?
-11
Suppose -2*r = -5*l + 8 + 7, 4*r = -5*l + 15. Let x be (l/(-4))/((-15)/80). Let k be (-5)/(-2)*(-8)/x. Let v(m) = -m**2 - 6*m - 5. What is v(k)?
0
Let u = 240 + -243. Suppose -5*m = -2*k, 5 = -2*m + 1. Let y(q) = q + 2. Let v(l) = 2*l + 2. Let p(s) = k*y(s) + 4*v(s). Calculate p(u).
-11
Suppose w = 5*f - 5, 0 = 4*f - 8*f - 2*w - 10. Let a(o) be the first derivative of 1/3*o**3 - 1/4*o**4 - o**2 + f*o - 3. Determine a(2).
-8
Let q(j) = -j - 5. Let y be q(-11). Suppose -4*w + w + y = 0. Let h(x) = x**3 - 4*x + 4 - x**w + 0*x**2 + 5*x**2. Determine h(-5).
-1
Let k(u) = u**2 + 2*u + 6. Let m be k(0). Suppose -24 = m*l - 2*l. Let v(i) = -i**3 - 6*i**2 - 3*i - 9. Calculate v(l).
9
Let v be 2/(-4)*1 + (-93)/(-2)